l - 4*l, 12 = 4*l + m. Suppose 10*r - 3*c = 9*r + 699, l*r = -4*c + 1388. What are the prime factors of r?
2, 3, 29
List the prime factors of (16/(-24))/((-17)/834870).
2, 5, 1637
Suppose 0 = 438*d - 440*d + 5276. List the prime factors of d.
2, 1319
Suppose -2*v - 2*v - 589 = i, 0 = 3*i + 4*v + 1767. Let y = i - -918. List the prime factors of y.
7, 47
Let j(s) = -3*s**3 + 43*s**2 - 14*s + 18. Let i be j(14). Let y = i - 401. Let q = 571 + y. List the prime factors of q.
2, 47
Suppose 25*m + 244776 = 46*m. What are the prime factors of m?
2, 31, 47
Let o be (-206)/3 - 70/(-105). Let k = o - -355. List the prime factors of k.
7, 41
Let o(v) = -8*v**2 - 3*v + 3. Let p(b) = b**3 - 6*b**2 + 10*b - 21. Let f be p(5). Let k be o(f). List the prime factors of 4 + 8/(-2) - k.
137
Let m(g) = g**3 + 2*g**2 - 5*g - 2. Let w be m(-3). Suppose 0 = -23*b + 6178 + 3045. Suppose -5*d + 6*d = i + 81, -b = -5*d + w*i. List the prime factors of d.
7, 11
Let x(o) = 23*o**2 - 13*o - 458. What are the prime factors of x(-12)?
2, 5, 7, 43
Let w be (-2 - -4837) + (-24)/3. Suppose 3*m - 53*d + 55*d - 4806 = 0, w = 3*m - 5*d. What are the prime factors of m?
2, 401
Let s be 26/(-2) - (6 - 18/2). Let l(z) = -z**3 - 10*z**2 - 6*z - 9. Let x be l(s). Suppose -x*y - 249 = -54*y. What are the prime factors of y?
83
Let i = 16673 + -10582. What are the prime factors of i?
6091
Let d(u) = -12*u + 5. Let c = -94 + 158. Let g be 4/10 - (0 + c/10). What are the prime factors of d(g)?
7, 11
Let b(z) = 1643*z**2 - 46*z + 6. What are the prime factors of b(3)?
3, 5, 977
Let d(q) = 9*q + 3. Let y be ((-27)/(-6) - 4)/((-1)/56). Let a = 31 + y. What are the prime factors of d(a)?
2, 3, 5
Let s be ((-2 + 14)/(-3))/(2/(-10)). Suppose 0 = -s*t + 12*t + 3264. List the prime factors of t.
2, 3, 17
Let b(g) = 35010*g + 430. List the prime factors of b(2).
2, 5, 1409
Suppose -53*a + 58*a = -15. What are the prime factors of 32 + (1 - 3 - a)?
3, 11
List the prime factors of (-174 - 7/2*-2)*-24.
2, 3, 167
What are the prime factors of 6192150/90 + (-128)/(-24) + -5?
2, 3, 11467
Suppose 2*b + 60 - 64 = 0, -5*b + 60 = 5*z. What are the prime factors of (-2 + z + -530)*16/(-6)?
2, 3, 29
Suppose -2862 = -3*u - 3*q, -5*u - 16*q + 4734 = -20*q. Suppose 6*c - u = 388. What are the prime factors of c?
223
Let c = -245 + 245. Suppose c = 5*q - 14*q + 4113. List the prime factors of q.
457
Let w(n) = -3*n**3 - 4*n**2 - 82*n + 17. Let a(v) = 2*v**3 + 30*v**2 + 29*v + 7. Let h be a(-14). List the prime factors of w(h).
2, 89
Suppose 2446 = -9*a + 358. Let w = a + 416. List the prime factors of w.
2, 23
Suppose 2*s - 26 = -30. What are the prime factors of (s - 1788/(-16)) + 12/(-16)?
109
List the prime factors of ((-10)/10)/((-22)/409706).
11, 1693
Suppose -6872 = -4*k - 0*k + 612. What are the prime factors of k?
1871
Let c(k) = k**2 - 42*k + 101. Let f be c(18). Let u = f - -520. What are the prime factors of u?
3, 7
Suppose 2*q + 24333 = 3*u, u - 41*q + 42*q = 8121. List the prime factors of u.
3, 5, 541
Let h be (-956)/(-3346) + (-5652)/(-14). Let i(o) = 4*o**2 + 4*o. Let d be i(-3). Suppose -28*y + d*y = -h. List the prime factors of y.
101
Suppose 21*g = 5*g + 112. Suppose 0 = -g*z + 9*z - d - 317, -3*z = d - 488. List the prime factors of z.
7, 23
Suppose -7*y + 181330 = -18933. List the prime factors of y.
7, 61, 67
Suppose 1026 = 7*t - 766. Suppose 2*f - f + 4*v - 69 = 0, 4*f - t = 4*v. Suppose 0*g - 3*g = 2*h - f, -h - 62 = -3*g. List the prime factors of g.
3, 7
Suppose -41432 = -q - 3*u, -q - 4*u + 12882 + 28544 = 0. What are the prime factors of q?
2, 5, 829
Let j(d) = -3101*d**2 - 3. Let b be j(-1). What are the prime factors of (b/10)/((-13)/((-65)/(-2)))?
2, 97
Suppose 186536 = 4*d - 4*j, -3*j + 110045 = 2*d + 16757. What are the prime factors of d?
2, 3, 2591
Let a(i) = -132*i - 14. Suppose 30 = -5*h + 15. List the prime factors of a(h).
2, 191
Let m = 628 - 271. Let r = m - 744. What are the prime factors of ((-4)/12)/(3/r)?
43
Let g be (-581689)/(-323) + (-2)/(-19). Let j = g + -1043. What are the prime factors of j?
2, 379
Let r be (337 - (2 + 1 + -5)) + 2. Let s = r - 288. What are the prime factors of s?
53
Let g be ((-5)/(-10))/(3/(-599 + -1)). Let q = g - -156. List the prime factors of q.
2, 7
Let y be (-4)/34 + 2728/68. Suppose -5*h + 32 + 43 = 0. Suppose z - y = -h. List the prime factors of z.
5
Let d be (25/30)/((-1)/(-6)). Suppose 2*r + 428 = 2*o - 382, -15 = d*r. List the prime factors of o.
2, 3, 67
Suppose -16*p = -15*p - 155. Suppose p*q - 159*q = -1376. What are the prime factors of q?
2, 43
Let x = 41 + 344. Let q = 97 + x. What are the prime factors of q?
2, 241
Let w(a) = -a**2 - 4*a + 43. Let q be w(-9). List the prime factors of (-25835)/(-45) + (0 - q/(-18)).
2, 7, 41
Let l(j) = 2*j**3 - 6*j**2 + j - 27. Let g be l(5). Suppose -g*z + 73*z = -1685. List the prime factors of z.
337
Suppose -3*s + 2*v + 21296 = -0*v, 5*s + v = 35489. Suppose s = 5*o + 2*o. Suppose 11*p - o = 548. What are the prime factors of p?
2, 71
Suppose 2*x - g = 7, 3*x - 2*g - 14 + 4 = 0. Let a(q) = -2*q**2 + 7*q - 5. Let k be a(x). Let u(b) = b**2 + 5*b - 18. What are the prime factors of u(k)?
2, 3
Suppose -334*t - 225*t = -1160003 - 1299597. What are the prime factors of t?
2, 5, 11
Let u = -7 + 9. Suppose 7 + 3 = 2*v - u*s, -2*v - 18 = 5*s. Suppose 5*f - v = 19. What are the prime factors of f?
2
Suppose 1895 = -90*y + 95*y. Let d = 636 - y. Let g = d - 174. What are the prime factors of g?
83
Suppose 3*n + 5*g - 120 = 0, 2*n - 40 = -4*g + 40. Let b(j) = 5 + 42*j**3 - j**2 - n*j**3 - 12*j + 0*j**2 + 7. List the prime factors of b(5).
3, 59
Let m be -6 + 7 + 11862 + -10. What are the prime factors of (m/6)/3 - 6/12?
2, 7, 47
Let j(q) = 81*q + 455. What are the prime factors of j(20)?
5, 83
Let v(u) = 18*u**2 + 3*u - 32. What are the prime factors of v(3)?
139
Let w(l) = 3*l - 10. Let o be w(5). Suppose 0 = o*q - 3*x - 5441, 0 = 5*q - q + 4*x - 4372. Suppose 10*p = 15*p - q. What are the prime factors of p?
2, 109
Let i = -519 - -747. Let q = 1821 - i. List the prime factors of q.
3, 59
Let z(w) = w**3 - 24*w**2 - 44*w + 12. Let j be z(26). Let d = j + -80. What are the prime factors of d?
2, 5, 7
Let z(u) = 92*u**2 + 6*u - 13. Let w = 148 - 145. List the prime factors of z(w).
7, 17
Suppose 9*r = -16*r + 10*r + 1066425. What are the prime factors of r?
5, 59, 241
Let x(d) = 267*d**2 + 4*d - 1. Let p be x(3). Let k be p/(-16) - 30/240. Let l = k - -222. List the prime factors of l.
71
Let j be (9/(-2) - -4)*22. Let k be (10 + j)/(1/(-35)). Suppose k - 116 = -u. What are the prime factors of u?
3
Suppose 8*k + 3*b = 5*k - 1032, -992 = 3*k - 5*b. Let q = 644 + k. List the prime factors of q.
5, 61
Let k = -18891 - -30481. What are the prime factors of k?
2, 5, 19, 61
Let i = 72 - 56. Suppose 6*o = -24 + 150. Suppose -o*h = -i*h - 295. List the prime factors of h.
59
Let x(v) = 396*v**2 + 4*v + 16. Let y be x(-4). Suppose 2*a = -22*a + y. What are the prime factors of a?
2, 3, 11
What are the prime factors of -5 + 86/16 + 107124/32?
2, 3, 31
Let v(l) be the first derivative of 3*l**2 - 7*l**2 + 5*l**2 + 3*l + 24 + 0*l**2. What are the prime factors of v(0)?
3
Suppose 6*m = 5*c + 2*m - 1915, 5*m - 1573 = -4*c. What are the prime factors of c?
3, 43
List the prime factors of (133014/(-105))/((-7)/210).
2, 3, 3167
Suppose 6*i = 11*i + 3*i. Suppose i = 10*t - 9591 + 61. List the prime factors of t.
953
Suppose 2*l - 5*v - 30885 = 0, 9*v = l + 7*v - 15445. What are the prime factors of l?
5, 11, 281
Let m be (-9)/12*(-48)/9. Suppose -390 = 3*o + 3*s - 3384, -m*o + 4019 = -5*s. List the prime factors of o.
7, 11, 13
Let q = 2247 - 2245. Let k(i) = 2*i - 4. Let r be k(3). Suppose q*u - 208 = -3*f - r*f, 5*f - 180 = 5*u. List the prime factors of f.
2, 5
Let r = -58 - -60. Let s(f) = -13*f**r - 28*f + 5*f**3 - 8 + 35*f - 2*f**3. What are the prime factors of s(4)?
2
What are the prime factors of (2/1)/(22 + (-6658584)/302664)?
2, 12611
Let o = -350 - -771. Let b = o + 184. What are the prime factors of b?
5, 11
Suppose -5*b + 1822 + 16530 = -3*k, -18353 = -5*b + 2*k. What are the prime factors of b?
3671
Let d(q) = -21*q + 278. Let i(x) = -x**3 - 52*x**2 - 2*x - 146. Let z be i(-52). What are the 